{"id":1129,"date":"2012-02-14T09:49:24","date_gmt":"2012-02-14T07:49:24","guid":{"rendered":"http:\/\/www.animationsfilm.de\/?page_id=1129"},"modified":"2023-01-04T16:29:03","modified_gmt":"2023-01-04T14:29:03","slug":"mahr-weihnachten-nach-mas","status":"publish","type":"page","link":"https:\/\/www.animationsfilm.de\/?page_id=1129","title":{"rendered":"Weihnachten nach Ma\u00df"},"content":{"rendered":"\n<figure class=\"wp-block-embed is-type-video is-provider-vimeo wp-block-embed-vimeo wp-embed-aspect-16-9 wp-has-aspect-ratio\"><div class=\"wp-block-embed__wrapper\">\n<iframe loading=\"lazy\" hcb-fetch-image-from=\"https:\/\/vimeo.com\/304032051\" src=\"https:\/\/player.vimeo.com\/video\/304032051?dnt=1&amp;app_id=122963\" width=\"520\" height=\"293\" frameborder=\"0\" allow=\"autoplay; fullscreen; picture-in-picture; clipboard-write\"><\/iframe>\n<\/div><\/figure>\n\n\n\n<p class=\"has-text-align-left\">&#8222;Weihnachten nach Ma\u00df 2012&#8220; ist ein kurzer Animationsfilm, der im Dezember 2012 an die Newsletter-Abonnenten der Firma &#8222;MAHR &#8211; Fertigungsmesstechnik&#8220; aus G\u00f6ttingen versendet wurde. Die Herausforderung des Projektes bestand neben der animatorischen Arbeit daraus, das Thema &#8222;Messinstrumente&#8220; mit dem weihnachtlichen Anlass zu verbinden. Die Idee wurde anhand eines Konzeptfilms in mehreren Schritten zusammen mit dem Auftraggeber entwickelt und verfeinert. Die animierte Endversion wurde als digitale Cutout-Animation umgesetzt. Die Vertonung war nicht Bestandteil des Auftrages und ist hier als improvisierte Version zu verstehen, um den Film mit allen Sinnen genie\u00dfen zu k\u00f6nnen.<\/p>\n\n\n\n<p class=\"has-text-align-left\">Gesamtherstellung: Markus Wende<br>Agentur: <a href=\"http:\/\/www.beisert-hinz.de\/\" target=\"_blank\" rel=\"noopener\">BEISERT &amp; HINZ<\/a><br>Kunde: <a href=\"http:\/\/www.mahr.de\/\" target=\"_blank\" rel=\"noopener\">MAHR &#8211; Fertigungsmesstechnik<\/a><\/p>\n\n\n\n<p class=\"has-text-align-left\">Film: 1:33 Minuten, Animation, Ton (improvisiert)<br>Technik: digitaler Zeichentrick, digitale CutOut Animation<br>Produktionsformat: Full HD (1080p)<\/p>\n\n\n\n<figure class=\"wp-block-embed is-type-video is-provider-vimeo wp-block-embed-vimeo wp-embed-aspect-16-9 wp-has-aspect-ratio\"><div class=\"wp-block-embed__wrapper\">\n<iframe loading=\"lazy\" hcb-fetch-image-from=\"https:\/\/vimeo.com\/304031516\" src=\"https:\/\/player.vimeo.com\/video\/304031516?dnt=1&amp;app_id=122963\" width=\"520\" height=\"293\" frameborder=\"0\" allow=\"autoplay; fullscreen; picture-in-picture; clipboard-write\"><\/iframe>\n<\/div><\/figure>\n\n\n\n<p class=\"has-text-align-left\">Im Jahr 2011 konnte ich das erste Mal \u00fcber die G\u00f6ttinger Agentur BEISERT &amp; HINZ einen animierten Weihnachtsgru\u00df f\u00fcr die Firma MAHR &#8211; Fertigungsmesstechnik aus G\u00f6ttingen anfertigen. \u00c4hnlich wie in 2012 wurde in enger Zusammenarbeit aus der Idee ein Konzeptfilm erstellt, der dann final als digitale Cutout-Animation umgesetzt wurde.<\/p>\n\n\n\n<p class=\"has-text-align-left\">Gesamtherstellung: Markus Wende<br>Agentur: <a href=\"http:\/\/www.beisert-hinz.de\/\" target=\"_blank\" rel=\"noopener\">BEISERT &amp; HINZ<\/a><br>Kunde: <a href=\"http:\/\/www.mahr.de\/\" target=\"_blank\" rel=\"noopener\">MAHR &#8211; Fertigungsmesstechnik<\/a><\/p>\n\n\n\n<p class=\"has-text-align-left\">Film: 1 Minute, Animation, Ohne Ton<br>Produktionsformat: 720p<br>Technik: digital 2D CutOut Animation<\/p>\n","protected":false},"excerpt":{"rendered":"<p>&#8222;Weihnachten nach Ma\u00df 2012&#8220; ist ein kurzer Animationsfilm, der im Dezember 2012 an die Newsletter-Abonnenten der Firma &#8222;MAHR &#8211; Fertigungsmesstechnik&#8220; aus G\u00f6ttingen versendet wurde. Die Herausforderung des Projektes bestand neben der animatorischen Arbeit daraus, das Thema &#8222;Messinstrumente&#8220; mit dem weihnachtlichen Anlass zu verbinden. Die Idee wurde anhand eines Konzeptfilms in mehreren Schritten zusammen mit dem [&hellip;]<\/p>\n","protected":false},"author":2,"featured_media":0,"parent":0,"menu_order":1,"comment_status":"closed","ping_status":"open","template":"","meta":{"footnotes":""},"class_list":["post-1129","page","type-page","status-publish","hentry","missing-thumbnail"],"_links":{"self":[{"href":"https:\/\/www.animationsfilm.de\/index.php?rest_route=\/wp\/v2\/pages\/1129","targetHints":{"allow":["GET"]}}],"collection":[{"href":"https:\/\/www.animationsfilm.de\/index.php?rest_route=\/wp\/v2\/pages"}],"about":[{"href":"https:\/\/www.animationsfilm.de\/index.php?rest_route=\/wp\/v2\/types\/page"}],"author":[{"embeddable":true,"href":"https:\/\/www.animationsfilm.de\/index.php?rest_route=\/wp\/v2\/users\/2"}],"replies":[{"embeddable":true,"href":"https:\/\/www.animationsfilm.de\/index.php?rest_route=%2Fwp%2Fv2%2Fcomments&post=1129"}],"version-history":[{"count":18,"href":"https:\/\/www.animationsfilm.de\/index.php?rest_route=\/wp\/v2\/pages\/1129\/revisions"}],"predecessor-version":[{"id":3555,"href":"https:\/\/www.animationsfilm.de\/index.php?rest_route=\/wp\/v2\/pages\/1129\/revisions\/3555"}],"wp:attachment":[{"href":"https:\/\/www.animationsfilm.de\/index.php?rest_route=%2Fwp%2Fv2%2Fmedia&parent=1129"}],"curies":[{"name":"wp","href":"https:\/\/api.w.org\/{rel}","templated":true}]}}