{"id":3709,"date":"2023-10-07T16:52:15","date_gmt":"2023-10-07T14:52:15","guid":{"rendered":"https:\/\/www.animationsfilm.de\/?page_id=3709"},"modified":"2025-03-17T15:56:18","modified_gmt":"2025-03-17T13:56:18","slug":"ausstellung-toleranzraeume","status":"publish","type":"page","link":"https:\/\/www.animationsfilm.de\/?page_id=3709","title":{"rendered":"Ausstellung Toleranzr\u00e4ume"},"content":{"rendered":"\n<p>F\u00fcr die <a href=\"http:\/\/www.toleranzraeume.org\">Ausstellung Toleranzr\u00e4ume<\/a> habe ich neben einem gro\u00dfen Wimmelbild noch weitere Illustrationen angefertigt. Teils sollten sie die Ausstellung mit thematisch passenden Bildern anregend illustrieren, oder auch mit statistischen Informationen versehen auf gesellschaftliche Zust\u00e4nde hinweisen.<\/p>\n\n\n\n<p><a href=\"https:\/\/wimmelbild.animationsfilm.de\/toleranzraeume\/\">LINK zum Wimmelbild &#8222;Toleranz&#8220; in voller Gr\u00f6\u00dfe.<\/a><\/p>\n\n\n\n<figure class=\"wp-block-gallery has-nested-images columns-default is-cropped wp-block-gallery-1 is-layout-flex wp-block-gallery-is-layout-flex\">\n<figure class=\"wp-block-image size-large\"><a href=\"https:\/\/www.animationsfilm.de\/wp-content\/uploads\/2023\/10\/PlayingHistory-Kampfzone-fuerWeb-scaled.jpg\"><img loading=\"lazy\" decoding=\"async\" width=\"378\" height=\"1024\" data-id=\"3710\" src=\"https:\/\/www.animationsfilm.de\/wp-content\/uploads\/2023\/10\/PlayingHistory-Kampfzone-fuerWeb-378x1024.jpg\" alt=\"\" class=\"wp-image-3710\" srcset=\"https:\/\/www.animationsfilm.de\/wp-content\/uploads\/2023\/10\/PlayingHistory-Kampfzone-fuerWeb-378x1024.jpg 378w, https:\/\/www.animationsfilm.de\/wp-content\/uploads\/2023\/10\/PlayingHistory-Kampfzone-fuerWeb-111x300.jpg 111w, https:\/\/www.animationsfilm.de\/wp-content\/uploads\/2023\/10\/PlayingHistory-Kampfzone-fuerWeb-768x2082.jpg 768w, https:\/\/www.animationsfilm.de\/wp-content\/uploads\/2023\/10\/PlayingHistory-Kampfzone-fuerWeb-567x1536.jpg 567w, https:\/\/www.animationsfilm.de\/wp-content\/uploads\/2023\/10\/PlayingHistory-Kampfzone-fuerWeb-755x2048.jpg 755w, https:\/\/www.animationsfilm.de\/wp-content\/uploads\/2023\/10\/PlayingHistory-Kampfzone-fuerWeb-400x1084.jpg 400w, https:\/\/www.animationsfilm.de\/wp-content\/uploads\/2023\/10\/PlayingHistory-Kampfzone-fuerWeb-800x2169.jpg 800w, https:\/\/www.animationsfilm.de\/wp-content\/uploads\/2023\/10\/PlayingHistory-Kampfzone-fuerWeb-scaled.jpg 944w\" sizes=\"auto, (max-width: 378px) 100vw, 378px\" \/><\/a><\/figure>\n\n\n\n<figure class=\"wp-block-image size-large\"><a href=\"https:\/\/www.animationsfilm.de\/wp-content\/uploads\/2023\/10\/Wimmelbild-Toleranz-Detmold03-scaled.jpg\"><img loading=\"lazy\" decoding=\"async\" width=\"1024\" height=\"1024\" data-id=\"3665\" src=\"https:\/\/www.animationsfilm.de\/wp-content\/uploads\/2023\/10\/Wimmelbild-Toleranz-Detmold03-1024x1024.jpg\" alt=\"\" class=\"wp-image-3665\" srcset=\"https:\/\/www.animationsfilm.de\/wp-content\/uploads\/2023\/10\/Wimmelbild-Toleranz-Detmold03-1024x1024.jpg 1024w, https:\/\/www.animationsfilm.de\/wp-content\/uploads\/2023\/10\/Wimmelbild-Toleranz-Detmold03-300x300.jpg 300w, https:\/\/www.animationsfilm.de\/wp-content\/uploads\/2023\/10\/Wimmelbild-Toleranz-Detmold03-150x150.jpg 150w, https:\/\/www.animationsfilm.de\/wp-content\/uploads\/2023\/10\/Wimmelbild-Toleranz-Detmold03-768x768.jpg 768w, https:\/\/www.animationsfilm.de\/wp-content\/uploads\/2023\/10\/Wimmelbild-Toleranz-Detmold03-1536x1536.jpg 1536w, https:\/\/www.animationsfilm.de\/wp-content\/uploads\/2023\/10\/Wimmelbild-Toleranz-Detmold03-2048x2048.jpg 2048w, https:\/\/www.animationsfilm.de\/wp-content\/uploads\/2023\/10\/Wimmelbild-Toleranz-Detmold03-1870x1870.jpg 1870w, https:\/\/www.animationsfilm.de\/wp-content\/uploads\/2023\/10\/Wimmelbild-Toleranz-Detmold03-400x400.jpg 400w, https:\/\/www.animationsfilm.de\/wp-content\/uploads\/2023\/10\/Wimmelbild-Toleranz-Detmold03-800x800.jpg 800w\" sizes=\"auto, (max-width: 1024px) 100vw, 1024px\" \/><\/a><\/figure>\n\n\n\n<figure class=\"wp-block-image size-large\"><a href=\"https:\/\/www.animationsfilm.de\/wp-content\/uploads\/2023\/10\/Wimmelbild-Toleranz-Detmold02.jpg\"><img loading=\"lazy\" decoding=\"async\" width=\"1024\" height=\"1024\" data-id=\"3664\" src=\"https:\/\/www.animationsfilm.de\/wp-content\/uploads\/2023\/10\/Wimmelbild-Toleranz-Detmold02-1024x1024.jpg\" alt=\"\" class=\"wp-image-3664\" srcset=\"https:\/\/www.animationsfilm.de\/wp-content\/uploads\/2023\/10\/Wimmelbild-Toleranz-Detmold02-1024x1024.jpg 1024w, https:\/\/www.animationsfilm.de\/wp-content\/uploads\/2023\/10\/Wimmelbild-Toleranz-Detmold02-300x300.jpg 300w, https:\/\/www.animationsfilm.de\/wp-content\/uploads\/2023\/10\/Wimmelbild-Toleranz-Detmold02-150x150.jpg 150w, https:\/\/www.animationsfilm.de\/wp-content\/uploads\/2023\/10\/Wimmelbild-Toleranz-Detmold02-768x768.jpg 768w, https:\/\/www.animationsfilm.de\/wp-content\/uploads\/2023\/10\/Wimmelbild-Toleranz-Detmold02-1536x1536.jpg 1536w, https:\/\/www.animationsfilm.de\/wp-content\/uploads\/2023\/10\/Wimmelbild-Toleranz-Detmold02-2048x2048.jpg 2048w, https:\/\/www.animationsfilm.de\/wp-content\/uploads\/2023\/10\/Wimmelbild-Toleranz-Detmold02-1870x1870.jpg 1870w, https:\/\/www.animationsfilm.de\/wp-content\/uploads\/2023\/10\/Wimmelbild-Toleranz-Detmold02-400x400.jpg 400w, https:\/\/www.animationsfilm.de\/wp-content\/uploads\/2023\/10\/Wimmelbild-Toleranz-Detmold02-800x800.jpg 800w\" sizes=\"auto, (max-width: 1024px) 100vw, 1024px\" \/><\/a><\/figure>\n\n\n\n<figure class=\"wp-block-image size-large\"><a href=\"https:\/\/www.animationsfilm.de\/wp-content\/uploads\/2023\/10\/Wimmelbild-Toleranz-Bad-Karlshafen04-scaled.jpg\"><img loading=\"lazy\" decoding=\"async\" width=\"1024\" height=\"768\" data-id=\"3720\" src=\"https:\/\/www.animationsfilm.de\/wp-content\/uploads\/2023\/10\/Wimmelbild-Toleranz-Bad-Karlshafen04-1024x768.jpg\" alt=\"\" class=\"wp-image-3720\" srcset=\"https:\/\/www.animationsfilm.de\/wp-content\/uploads\/2023\/10\/Wimmelbild-Toleranz-Bad-Karlshafen04-1024x768.jpg 1024w, https:\/\/www.animationsfilm.de\/wp-content\/uploads\/2023\/10\/Wimmelbild-Toleranz-Bad-Karlshafen04-300x225.jpg 300w, https:\/\/www.animationsfilm.de\/wp-content\/uploads\/2023\/10\/Wimmelbild-Toleranz-Bad-Karlshafen04-768x576.jpg 768w, https:\/\/www.animationsfilm.de\/wp-content\/uploads\/2023\/10\/Wimmelbild-Toleranz-Bad-Karlshafen04-1536x1152.jpg 1536w, https:\/\/www.animationsfilm.de\/wp-content\/uploads\/2023\/10\/Wimmelbild-Toleranz-Bad-Karlshafen04-2048x1536.jpg 2048w, https:\/\/www.animationsfilm.de\/wp-content\/uploads\/2023\/10\/Wimmelbild-Toleranz-Bad-Karlshafen04-1870x1403.jpg 1870w, https:\/\/www.animationsfilm.de\/wp-content\/uploads\/2023\/10\/Wimmelbild-Toleranz-Bad-Karlshafen04-400x300.jpg 400w, https:\/\/www.animationsfilm.de\/wp-content\/uploads\/2023\/10\/Wimmelbild-Toleranz-Bad-Karlshafen04-800x600.jpg 800w\" sizes=\"auto, (max-width: 1024px) 100vw, 1024px\" \/><\/a><\/figure>\n\n\n\n<figure class=\"wp-block-image size-large\"><a href=\"https:\/\/www.animationsfilm.de\/wp-content\/uploads\/2023\/10\/01-Antisem-20230401-Final01.jpg\"><img loading=\"lazy\" decoding=\"async\" width=\"1024\" height=\"637\" data-id=\"3711\" src=\"https:\/\/www.animationsfilm.de\/wp-content\/uploads\/2023\/10\/01-Antisem-20230401-Final01-1024x637.jpg\" alt=\"\" class=\"wp-image-3711\" srcset=\"https:\/\/www.animationsfilm.de\/wp-content\/uploads\/2023\/10\/01-Antisem-20230401-Final01-1024x637.jpg 1024w, https:\/\/www.animationsfilm.de\/wp-content\/uploads\/2023\/10\/01-Antisem-20230401-Final01-300x187.jpg 300w, https:\/\/www.animationsfilm.de\/wp-content\/uploads\/2023\/10\/01-Antisem-20230401-Final01-768x478.jpg 768w, https:\/\/www.animationsfilm.de\/wp-content\/uploads\/2023\/10\/01-Antisem-20230401-Final01-1536x955.jpg 1536w, https:\/\/www.animationsfilm.de\/wp-content\/uploads\/2023\/10\/01-Antisem-20230401-Final01-400x249.jpg 400w, https:\/\/www.animationsfilm.de\/wp-content\/uploads\/2023\/10\/01-Antisem-20230401-Final01-800x498.jpg 800w, https:\/\/www.animationsfilm.de\/wp-content\/uploads\/2023\/10\/01-Antisem-20230401-Final01.jpg 1600w\" sizes=\"auto, (max-width: 1024px) 100vw, 1024px\" \/><\/a><\/figure>\n\n\n\n<figure class=\"wp-block-image size-large\"><a href=\"https:\/\/www.animationsfilm.de\/wp-content\/uploads\/2023\/10\/03-Kinderrechte-20230331-Final01.jpg\"><img loading=\"lazy\" decoding=\"async\" width=\"1024\" height=\"667\" data-id=\"3712\" src=\"https:\/\/www.animationsfilm.de\/wp-content\/uploads\/2023\/10\/03-Kinderrechte-20230331-Final01-1024x667.jpg\" alt=\"\" class=\"wp-image-3712\" srcset=\"https:\/\/www.animationsfilm.de\/wp-content\/uploads\/2023\/10\/03-Kinderrechte-20230331-Final01-1024x667.jpg 1024w, https:\/\/www.animationsfilm.de\/wp-content\/uploads\/2023\/10\/03-Kinderrechte-20230331-Final01-300x195.jpg 300w, https:\/\/www.animationsfilm.de\/wp-content\/uploads\/2023\/10\/03-Kinderrechte-20230331-Final01-768x500.jpg 768w, https:\/\/www.animationsfilm.de\/wp-content\/uploads\/2023\/10\/03-Kinderrechte-20230331-Final01-1536x1000.jpg 1536w, https:\/\/www.animationsfilm.de\/wp-content\/uploads\/2023\/10\/03-Kinderrechte-20230331-Final01-400x261.jpg 400w, https:\/\/www.animationsfilm.de\/wp-content\/uploads\/2023\/10\/03-Kinderrechte-20230331-Final01-800x521.jpg 800w, https:\/\/www.animationsfilm.de\/wp-content\/uploads\/2023\/10\/03-Kinderrechte-20230331-Final01.jpg 1600w\" sizes=\"auto, (max-width: 1024px) 100vw, 1024px\" \/><\/a><\/figure>\n\n\n\n<figure class=\"wp-block-image size-large\"><a href=\"https:\/\/www.animationsfilm.de\/wp-content\/uploads\/2023\/10\/04-Rassismus-20230331-Final02-OhneFlaeche.jpg\"><img loading=\"lazy\" decoding=\"async\" width=\"1024\" height=\"567\" data-id=\"3713\" src=\"https:\/\/www.animationsfilm.de\/wp-content\/uploads\/2023\/10\/04-Rassismus-20230331-Final02-OhneFlaeche-1024x567.jpg\" alt=\"\" class=\"wp-image-3713\" srcset=\"https:\/\/www.animationsfilm.de\/wp-content\/uploads\/2023\/10\/04-Rassismus-20230331-Final02-OhneFlaeche-1024x567.jpg 1024w, https:\/\/www.animationsfilm.de\/wp-content\/uploads\/2023\/10\/04-Rassismus-20230331-Final02-OhneFlaeche-300x166.jpg 300w, https:\/\/www.animationsfilm.de\/wp-content\/uploads\/2023\/10\/04-Rassismus-20230331-Final02-OhneFlaeche-768x425.jpg 768w, https:\/\/www.animationsfilm.de\/wp-content\/uploads\/2023\/10\/04-Rassismus-20230331-Final02-OhneFlaeche-1536x851.jpg 1536w, https:\/\/www.animationsfilm.de\/wp-content\/uploads\/2023\/10\/04-Rassismus-20230331-Final02-OhneFlaeche-400x222.jpg 400w, https:\/\/www.animationsfilm.de\/wp-content\/uploads\/2023\/10\/04-Rassismus-20230331-Final02-OhneFlaeche-800x443.jpg 800w, https:\/\/www.animationsfilm.de\/wp-content\/uploads\/2023\/10\/04-Rassismus-20230331-Final02-OhneFlaeche.jpg 1600w\" sizes=\"auto, (max-width: 1024px) 100vw, 1024px\" \/><\/a><\/figure>\n\n\n\n<figure class=\"wp-block-image size-large\"><a href=\"https:\/\/www.animationsfilm.de\/wp-content\/uploads\/2023\/10\/05-LGBTQ-20230401-Final.jpg\"><img loading=\"lazy\" decoding=\"async\" width=\"1024\" height=\"605\" data-id=\"3714\" src=\"https:\/\/www.animationsfilm.de\/wp-content\/uploads\/2023\/10\/05-LGBTQ-20230401-Final-1024x605.jpg\" alt=\"\" class=\"wp-image-3714\" srcset=\"https:\/\/www.animationsfilm.de\/wp-content\/uploads\/2023\/10\/05-LGBTQ-20230401-Final-1024x605.jpg 1024w, https:\/\/www.animationsfilm.de\/wp-content\/uploads\/2023\/10\/05-LGBTQ-20230401-Final-300x177.jpg 300w, https:\/\/www.animationsfilm.de\/wp-content\/uploads\/2023\/10\/05-LGBTQ-20230401-Final-768x454.jpg 768w, https:\/\/www.animationsfilm.de\/wp-content\/uploads\/2023\/10\/05-LGBTQ-20230401-Final-1536x908.jpg 1536w, https:\/\/www.animationsfilm.de\/wp-content\/uploads\/2023\/10\/05-LGBTQ-20230401-Final-400x237.jpg 400w, https:\/\/www.animationsfilm.de\/wp-content\/uploads\/2023\/10\/05-LGBTQ-20230401-Final-800x473.jpg 800w, https:\/\/www.animationsfilm.de\/wp-content\/uploads\/2023\/10\/05-LGBTQ-20230401-Final.jpg 1600w\" sizes=\"auto, (max-width: 1024px) 100vw, 1024px\" \/><\/a><\/figure>\n\n\n\n<figure class=\"wp-block-image size-large\"><a href=\"https:\/\/www.animationsfilm.de\/wp-content\/uploads\/2023\/10\/06-Meinungsfreiheit-20230402-Final01.jpg\"><img loading=\"lazy\" decoding=\"async\" width=\"1024\" height=\"655\" data-id=\"3715\" src=\"https:\/\/www.animationsfilm.de\/wp-content\/uploads\/2023\/10\/06-Meinungsfreiheit-20230402-Final01-1024x655.jpg\" alt=\"\" class=\"wp-image-3715\" srcset=\"https:\/\/www.animationsfilm.de\/wp-content\/uploads\/2023\/10\/06-Meinungsfreiheit-20230402-Final01-1024x655.jpg 1024w, https:\/\/www.animationsfilm.de\/wp-content\/uploads\/2023\/10\/06-Meinungsfreiheit-20230402-Final01-300x192.jpg 300w, https:\/\/www.animationsfilm.de\/wp-content\/uploads\/2023\/10\/06-Meinungsfreiheit-20230402-Final01-768x492.jpg 768w, https:\/\/www.animationsfilm.de\/wp-content\/uploads\/2023\/10\/06-Meinungsfreiheit-20230402-Final01-1536x983.jpg 1536w, https:\/\/www.animationsfilm.de\/wp-content\/uploads\/2023\/10\/06-Meinungsfreiheit-20230402-Final01-400x256.jpg 400w, https:\/\/www.animationsfilm.de\/wp-content\/uploads\/2023\/10\/06-Meinungsfreiheit-20230402-Final01-800x512.jpg 800w, https:\/\/www.animationsfilm.de\/wp-content\/uploads\/2023\/10\/06-Meinungsfreiheit-20230402-Final01.jpg 1600w\" sizes=\"auto, (max-width: 1024px) 100vw, 1024px\" \/><\/a><\/figure>\n\n\n\n<figure class=\"wp-block-image size-large\"><a href=\"https:\/\/www.animationsfilm.de\/wp-content\/uploads\/2023\/10\/07-MenschenMitB-20230402-Final01.jpg\"><img loading=\"lazy\" decoding=\"async\" width=\"1024\" height=\"749\" data-id=\"3716\" src=\"https:\/\/www.animationsfilm.de\/wp-content\/uploads\/2023\/10\/07-MenschenMitB-20230402-Final01-1024x749.jpg\" alt=\"\" class=\"wp-image-3716\" srcset=\"https:\/\/www.animationsfilm.de\/wp-content\/uploads\/2023\/10\/07-MenschenMitB-20230402-Final01-1024x749.jpg 1024w, https:\/\/www.animationsfilm.de\/wp-content\/uploads\/2023\/10\/07-MenschenMitB-20230402-Final01-300x219.jpg 300w, https:\/\/www.animationsfilm.de\/wp-content\/uploads\/2023\/10\/07-MenschenMitB-20230402-Final01-768x562.jpg 768w, https:\/\/www.animationsfilm.de\/wp-content\/uploads\/2023\/10\/07-MenschenMitB-20230402-Final01-1536x1123.jpg 1536w, https:\/\/www.animationsfilm.de\/wp-content\/uploads\/2023\/10\/07-MenschenMitB-20230402-Final01-400x293.jpg 400w, https:\/\/www.animationsfilm.de\/wp-content\/uploads\/2023\/10\/07-MenschenMitB-20230402-Final01-800x585.jpg 800w, https:\/\/www.animationsfilm.de\/wp-content\/uploads\/2023\/10\/07-MenschenMitB-20230402-Final01.jpg 1600w\" sizes=\"auto, (max-width: 1024px) 100vw, 1024px\" \/><\/a><\/figure>\n\n\n\n<figure class=\"wp-block-image size-large\"><a href=\"https:\/\/www.animationsfilm.de\/wp-content\/uploads\/2023\/10\/08-Gefluechtete-20230403-Final01.jpg\"><img loading=\"lazy\" decoding=\"async\" width=\"1024\" height=\"723\" data-id=\"3717\" src=\"https:\/\/www.animationsfilm.de\/wp-content\/uploads\/2023\/10\/08-Gefluechtete-20230403-Final01-1024x723.jpg\" alt=\"\" class=\"wp-image-3717\" srcset=\"https:\/\/www.animationsfilm.de\/wp-content\/uploads\/2023\/10\/08-Gefluechtete-20230403-Final01-1024x723.jpg 1024w, https:\/\/www.animationsfilm.de\/wp-content\/uploads\/2023\/10\/08-Gefluechtete-20230403-Final01-300x212.jpg 300w, https:\/\/www.animationsfilm.de\/wp-content\/uploads\/2023\/10\/08-Gefluechtete-20230403-Final01-768x542.jpg 768w, https:\/\/www.animationsfilm.de\/wp-content\/uploads\/2023\/10\/08-Gefluechtete-20230403-Final01-1536x1084.jpg 1536w, https:\/\/www.animationsfilm.de\/wp-content\/uploads\/2023\/10\/08-Gefluechtete-20230403-Final01-400x282.jpg 400w, https:\/\/www.animationsfilm.de\/wp-content\/uploads\/2023\/10\/08-Gefluechtete-20230403-Final01-800x565.jpg 800w, https:\/\/www.animationsfilm.de\/wp-content\/uploads\/2023\/10\/08-Gefluechtete-20230403-Final01.jpg 1600w\" sizes=\"auto, (max-width: 1024px) 100vw, 1024px\" \/><\/a><\/figure>\n\n\n\n<figure class=\"wp-block-image size-large\"><a href=\"https:\/\/www.animationsfilm.de\/wp-content\/uploads\/2023\/10\/09-Verschwoerung-20230404-Final01.jpg\"><img loading=\"lazy\" decoding=\"async\" width=\"1024\" height=\"895\" data-id=\"3718\" src=\"https:\/\/www.animationsfilm.de\/wp-content\/uploads\/2023\/10\/09-Verschwoerung-20230404-Final01-1024x895.jpg\" alt=\"\" class=\"wp-image-3718\" srcset=\"https:\/\/www.animationsfilm.de\/wp-content\/uploads\/2023\/10\/09-Verschwoerung-20230404-Final01-1024x895.jpg 1024w, https:\/\/www.animationsfilm.de\/wp-content\/uploads\/2023\/10\/09-Verschwoerung-20230404-Final01-300x262.jpg 300w, https:\/\/www.animationsfilm.de\/wp-content\/uploads\/2023\/10\/09-Verschwoerung-20230404-Final01-768x672.jpg 768w, https:\/\/www.animationsfilm.de\/wp-content\/uploads\/2023\/10\/09-Verschwoerung-20230404-Final01-1536x1343.jpg 1536w, https:\/\/www.animationsfilm.de\/wp-content\/uploads\/2023\/10\/09-Verschwoerung-20230404-Final01-400x350.jpg 400w, https:\/\/www.animationsfilm.de\/wp-content\/uploads\/2023\/10\/09-Verschwoerung-20230404-Final01-800x700.jpg 800w, https:\/\/www.animationsfilm.de\/wp-content\/uploads\/2023\/10\/09-Verschwoerung-20230404-Final01.jpg 1600w\" sizes=\"auto, (max-width: 1024px) 100vw, 1024px\" \/><\/a><\/figure>\n\n\n\n<figure class=\"wp-block-image size-large\"><a href=\"https:\/\/www.animationsfilm.de\/wp-content\/uploads\/2023\/10\/10-Engagement-20230403-Final01.jpg\"><img loading=\"lazy\" decoding=\"async\" width=\"1024\" height=\"598\" data-id=\"3719\" src=\"https:\/\/www.animationsfilm.de\/wp-content\/uploads\/2023\/10\/10-Engagement-20230403-Final01-1024x598.jpg\" alt=\"\" class=\"wp-image-3719\" srcset=\"https:\/\/www.animationsfilm.de\/wp-content\/uploads\/2023\/10\/10-Engagement-20230403-Final01-1024x598.jpg 1024w, https:\/\/www.animationsfilm.de\/wp-content\/uploads\/2023\/10\/10-Engagement-20230403-Final01-300x175.jpg 300w, https:\/\/www.animationsfilm.de\/wp-content\/uploads\/2023\/10\/10-Engagement-20230403-Final01-768x449.jpg 768w, https:\/\/www.animationsfilm.de\/wp-content\/uploads\/2023\/10\/10-Engagement-20230403-Final01-1536x898.jpg 1536w, https:\/\/www.animationsfilm.de\/wp-content\/uploads\/2023\/10\/10-Engagement-20230403-Final01-400x234.jpg 400w, https:\/\/www.animationsfilm.de\/wp-content\/uploads\/2023\/10\/10-Engagement-20230403-Final01-800x468.jpg 800w, https:\/\/www.animationsfilm.de\/wp-content\/uploads\/2023\/10\/10-Engagement-20230403-Final01.jpg 1600w\" sizes=\"auto, (max-width: 1024px) 100vw, 1024px\" \/><\/a><\/figure>\n<\/figure>\n","protected":false},"excerpt":{"rendered":"<p>F\u00fcr die Ausstellung Toleranzr\u00e4ume habe ich neben einem gro\u00dfen Wimmelbild noch weitere Illustrationen angefertigt. Teils sollten sie die Ausstellung mit thematisch passenden Bildern anregend illustrieren, oder auch mit statistischen Informationen versehen auf gesellschaftliche Zust\u00e4nde hinweisen. LINK zum Wimmelbild &#8222;Toleranz&#8220; in voller Gr\u00f6\u00dfe.<\/p>\n","protected":false},"author":2,"featured_media":0,"parent":0,"menu_order":0,"comment_status":"closed","ping_status":"closed","template":"","meta":{"footnotes":""},"class_list":["post-3709","page","type-page","status-publish","hentry","missing-thumbnail"],"_links":{"self":[{"href":"https:\/\/www.animationsfilm.de\/index.php?rest_route=\/wp\/v2\/pages\/3709","targetHints":{"allow":["GET"]}}],"collection":[{"href":"https:\/\/www.animationsfilm.de\/index.php?rest_route=\/wp\/v2\/pages"}],"about":[{"href":"https:\/\/www.animationsfilm.de\/index.php?rest_route=\/wp\/v2\/types\/page"}],"author":[{"embeddable":true,"href":"https:\/\/www.animationsfilm.de\/index.php?rest_route=\/wp\/v2\/users\/2"}],"replies":[{"embeddable":true,"href":"https:\/\/www.animationsfilm.de\/index.php?rest_route=%2Fwp%2Fv2%2Fcomments&post=3709"}],"version-history":[{"count":3,"href":"https:\/\/www.animationsfilm.de\/index.php?rest_route=\/wp\/v2\/pages\/3709\/revisions"}],"predecessor-version":[{"id":3801,"href":"https:\/\/www.animationsfilm.de\/index.php?rest_route=\/wp\/v2\/pages\/3709\/revisions\/3801"}],"wp:attachment":[{"href":"https:\/\/www.animationsfilm.de\/index.php?rest_route=%2Fwp%2Fv2%2Fmedia&parent=3709"}],"curies":[{"name":"wp","href":"https:\/\/api.w.org\/{rel}","templated":true}]}}